site?
False
Let p be (2/4)/((-4)/(-24)). Let g be (1183/(-21))/(p/(-18)). Suppose 4*k = 3*l + 1076 - 421, 2*k = -2*l + g. Is k a composite number?
True
Suppose 343*j = 344*j + 3*a - 254794, 254799 = j - 2*a. Is j composite?
True
Is -15 - (-61)/(11407/69656730) - 4/(-34) a prime number?
True
Suppose -1143394 = -6*o - 4*d, 0 = -20*o + 24*o + d - 762261. Is o a prime number?
False
Let d = -214 + 216. Suppose -d*z = -4*v + 80916, 2*z - 4*z = 2*v - 40470. Is v prime?
True
Is (-13686928)/(-64)*-1*(0 + -4) composite?
True
Let r be 30/(-50) - 6/(-10). Suppose 3*c = -4*t + 4, r = -3*c + c - 2*t + 4. Suppose 5*w - 3*h - 437 = h, c*w - 5*h = 346. Is w prime?
True
Let l be (-31707)/(-15) - 12/(-60). Let a = 3373 - l. Is a prime?
True
Suppose 3*d - 171409 - 36539 = 3*k, 0 = 5*d + 3*k - 346556. Is d a composite number?
False
Suppose -5*u + 5*c = -1015, 3*c = -u + 243 - 52. Let b = 971 + u. Is b prime?
True
Let d = 20863 + 2236. Is d prime?
True
Suppose 0 = -4*o - 2*h + 1526, 0 = 4*o - 2*h - 1535 + 13. Suppose 3*u + 118 = -6962. Let r = o - u. Is r a composite number?
False
Let r be 189786 + (-20 - -12) + -1 + -1. Suppose -31*v = 26685 - r. Is v a composite number?
False
Suppose 213*s = 227*s - 206626. Is s a composite number?
False
Let w = -427 - -128. Let m be ((-5778)/(-45))/(6/40). Let p = m + w. Is p a composite number?
False
Suppose x - 118643 = -4*c - 2*x, 0 = 4*c - 3*x - 118661. Is c composite?
False
Suppose -70*j + 37*j + 7070307 = 1865316. Is j prime?
False
Suppose -3*q = -q - 4*c - 2146, 3*q = c + 3214. Let t = 3574 - q. Is t a composite number?
False
Is (292386/4)/((-2)/(-6)*(-3)/(-2)) prime?
False
Let t(g) = 2 - 5 + 0 + 1 - g. Let l be t(1). Is (-2)/(-12)*l*-1346 prime?
True
Suppose -197991 = 76*m - 74*m - 778625. Is m composite?
False
Suppose -13*d = -26*d + 7519083. Is (-16)/(-20) - d/(-55) composite?
True
Suppose -3*t - 518 = -5*t. Suppose -5*f - 170 - t = p, -2*f = -p - 436. Let l = 991 + p. Is l a composite number?
False
Suppose 224782 = 4*z + 2346. Is z a prime number?
True
Suppose -71*r = -34586967 - 35949185 + 26037825. Is r prime?
False
Suppose -3*b + 421215 = 4*v, 3*b - 4*v - 280790 = b. Is b prime?
True
Suppose -7*z = 61 - 47. Is 1/((-54848)/(-54832) - (-2)/z) a prime number?
False
Let r(t) = -225*t**3 + 5*t - 8. Let h be r(2). Let s = h + 6843. Is s composite?
True
Is (-1198570)/(-18) - ((-70)/(-378) + (-12)/(-324)) prime?
True
Let y = 3077 + -1030. Is y prime?
False
Let n(m) = m**2 + 4*m - 13. Suppose -d + 128 = -4*h, 5*h = -5*d + d - 181. Let t = -23 - h. Is n(t) prime?
True
Let b = 157 - 225. Let r = b - -4602. Is r a prime number?
False
Let f = 155 + -150. Let j(l) be the third derivative of 7*l**5/20 + 5*l**4/12 - l**3/3 - l**2. Is j(f) composite?
True
Is (204/544*464524/6)/(7/196) prime?
False
Suppose 189*j - 16 = 191*j. Let w(a) = 663*a**2 - 6*a - 11. Is w(j) a composite number?
True
Let y(k) = -14*k**2 + 18*k + 61. Let q be y(-10). Let n = 2745 + q. Is n composite?
True
Let q(a) be the third derivative of 13*a**4/4 + 49*a**3/6 + a**2 - 59. Is q(10) a composite number?
False
Let f = 77 - 127. Is 965/(20/f*(-10)/4) prime?
False
Let n be -2 - (8/(-36) - (-1475)/(-45)). Suppose 30*a - n*a + 42289 = 0. Is a composite?
True
Let s(f) = -2*f**2 + 16*f - 10. Let r be s(6). Let c = r - 12. Suppose 0 = 3*t, -2*z - t + 140 = c*z. Is z prime?
False
Let k = -119902 + 208085. Is k a prime number?
False
Suppose -347*k + 2485566 + 3964123 = 0. Is k prime?
True
Let r be -5 + -4*30507/(-12). Suppose 3*a - 6570 = -2*q + 3599, -2*q - 2*a = -r. Is q a composite number?
False
Let k(r) be the first derivative of 76*r**3/3 + 5*r**2 - 3*r + 2. Let a be 5 + -5 + 0 - 16/(-4). Is k(a) composite?
True
Let n(b) = -2 - 340*b**2 + 336*b**2 - b**3 + 4*b + 2. Let x be n(-5). Suppose 4*s = 5*j - 1061, -5*j + x*s + 229 = -4*j. Is j prime?
False
Let i(y) = -13*y + 48. Let d be i(-4). Suppose 5*c - 21245 = -d. Is c a prime number?
True
Suppose 224105 + 107468 = u + r, 5*r = u - 331597. Is u composite?
False
Suppose 632 - 2460 = -c - 4*m, -4*c - 5*m = -7257. Let o = 2727 - c. Let k = o + 354. Is k composite?
True
Suppose -x - 10*x = -0*x. Suppose x = 7*q - 2419 - 5120. Is q composite?
True
Let y(r) = 207*r - 24. Let v(c) = 1. Let z(i) = -4*v(i) - y(i). Suppose 5*d - 5*k = -35, 3*d - 8 + 5 = -3*k. Is z(d) composite?
False
Suppose 16 = -4*l, -6*h - 2*l = -11*h + 955353. Is h composite?
True
Let w = 7072 + -12932. Is (-108)/(-72)*w/(-6) composite?
True
Let q(v) = -3*v**3 + 52*v**2 + 32*v + 158. Is q(-30) a prime number?
False
Suppose -t - 11*h - 8 = -8*h, -5*t + 12 = 2*h. Is 26944 + t + 3 + (2 - 6) a prime number?
True
Suppose 139*h + 60*h = 132578 + 1130475. Is h prime?
False
Suppose -4*i + 404809 = -3*u, -4*u = -6*i + 2*i + 404808. Is i composite?
False
Let j = 282621 - -39776. Is j a prime number?
True
Let d(g) = 3*g**2 + 6*g + 15. Let w be d(-3). Let t be (-22)/8 + -1 + 18/w. Is (t - (-5 + 3)) + 178 composite?
True
Suppose 5*y + 17 = 2*w, 5*w - 2*y - 10 - 22 = 0. Suppose -w*l = -2*l - 21428. Suppose 3*h = 4*b - l, -5*b + 3*h + 266 + 6428 = 0. Is b a composite number?
True
Is (-2)/17 + -9 + (-15099319)/(-323) composite?
True
Suppose -65*d = -70*d - 30. Let w(s) = 23*s - 16. Let l be w(d). Is 11/(l/(-22995)) + 1/2 composite?
True
Suppose 54*r = 58*r - 2*k - 159720, -2*r + 4*k = -79854. Is r composite?
True
Let l(i) = 7*i + 5. Let c be 1 + -3 + (-30)/(-5) + -4. Let w be l(c). Suppose 5881 = w*x - 2784. Is x composite?
False
Let d be (-911850840)/(-345) + 4/46. Is 5/(-7 - d/(-377573)) a composite number?
False
Let c = 2 - -18. Suppose -4*y + 4*w = -0*y + c, -5*y + 4*w = 22. Is 841 + 6 + y + 6 a prime number?
False
Let t(u) = 30*u**2 - 29*u**2 - 14 - 5 + 9*u. Let n be t(-11). Suppose b - 377 = -2*a, b = a + n + 374. Is b a prime number?
False
Let w be 780791/(-165) - (-3)/45. Let m = 2043 - 4758. Let l = m - w. Is l a composite number?
False
Let j = 311748 - 127381. Is j a prime number?
False
Suppose 318 + 51 = -9*k. Let d = -1796 + k. Let b = d - -3524. Is b a composite number?
True
Suppose -5*h - 245784 = -4*c, -735*h + 307201 = 5*c - 734*h. Is c a composite number?
False
Let n = 6 - 0. Let y be 40/15 + 2/n. Is y/(-2 - -1) - (-910)/7 a prime number?
True
Suppose 19*q = 1321143 + 2426474. Is q prime?
True
Suppose 2*p - 43 - 51 = 0. Suppose -i + 2*h = 7, p = 5*i + 3*h + 17. Suppose i*g - 370 = 2*u + 117, -3*u = 3*g - 492. Is g a composite number?
False
Suppose 112268 + 105754 = 21*v. Let a = 14965 - v. Is a a prime number?
True
Let z(h) = 29*h**2 + 1172*h - 3. Is z(64) a composite number?
False
Suppose 5*j - 26639 - 617426 = 0. Is j a composite number?
False
Suppose -5*f - 14269 = -4049. Let c = f + 2955. Is c a prime number?
True
Is (6/(-30) + 55/25)*-1 - -36253 prime?
True
Suppose -3*w + 5*g + 2149588 = 0, 3*w + 4*g - 2149597 = -0*w. Is w a prime number?
True
Let r = 371 - 249. Let b = r - 364. Let x = b - -1071. Is x composite?
False
Let w(f) = 25*f**3 - f**2 - f. Let d be w(2). Let r = d + 5429. Is r composite?
False
Let n(a) = -75*a + 91. Let u be n(-13). Let q = u + -127. Is q prime?
False
Let p = -51 + 39. Let w be 2 + 1 - p/6. Suppose w*n - 6633 = -5*r + r, -3*r - 5*n = -4976. Is r a composite number?
False
Is 1/(2/(-12))*1/(-6)*48935 a composite number?
True
Suppose -9722749 = -38*k + 7540537. Is k a prime number?
True
Suppose -3*f = 2*n - 57, -5*f = 6*n - 3*n - 96. Suppose 0 = -8*z + f*z - 12077. Is z a composite number?
False
Suppose a - 2 = -3*v, -v - a = 3*a + 14. Suppose 3802 = -3*b + g, 3*g = v*b + 2*g + 2534. Is b/(-10) + (-8)/(-40) a prime number?
True
Let h be 64213/3 - 7*(-12)/(-252). Suppose -23*v = -h - 130787. Is v composite?
True
Suppose -3*d + 5*c = -4*d, 5*d + 5*c = 0. Let r(j) = -j**2 - 2*j - 96. Let n be r(d). Let h = n - -331. Is h a prime number?
False
Suppose 4*b - s + 37 = 0, -4*b + 3*b - 5*s - 25 = 0. Is b*9106/(-4) - 2*-2 a prime number?
True
Let k(l) = -8*l**3 - l**2 + 26*l + 125. Let p(m) = 3*m**2 - 58*m - 44. Let d be p(20). Is k(d) a composite number?
True
Let o(q) = q**3 + 2*q**2 + 25*q + 5. Let i(t) = 32 - t + 5*t - 3*t - 4*t. Let w be i(4). Is o(w) a composite number?
True
Let m = -59 - -64. Suppose 8*a = m*a - z + 11596, 2*a - 3*z - 7727 = 0. Is a composite?
True
Let h(u) = 2*u**2 + 4*u - 4. Let j be h(-4). Suppose -26*r + 